 11 + 10223010033?
10223010110
In base 10, what is -112414 + 5?
-112409
In base 14, what is 1190 + -5?
1189
In base 10, what is -2573 + 12?
-2561
In base 3, what is -1 + 211001101220?
211001101212
In base 4, what is 10231 - -31021?
101312
In base 16, what is -1c5 + -105?
-2ca
In base 7, what is -4202 + -231?
-4433
In base 14, what is -33d7d + 0?
-33d7d
In base 15, what is 3 - 2170?
-216c
In base 13, what is 4a + -1ca6?
-1c59
In base 14, what is 6a8 - -56?
720
In base 3, what is -22 - -102011022?
102011000
In base 13, what is -2282b - -3?
-22828
In base 12, what is -5 - 6a7243?
-6a7248
In base 5, what is -3 - -4220122?
4220114
In base 11, what is -275a - -9?
-2751
In base 9, what is 17474 - 6?
17467
In base 4, what is 12 - -2332310?
2332322
In base 4, what is -2 - 111300233?
-111300301
In base 11, what is 0 + -1750?
-1750
In base 13, what is -240 - -59?
-1b4
In base 3, what is 1020100102 - -12?
1020100121
In base 2, what is 10011111000 + 10001111010?
100101110010
In base 2, what is 11111001110110 - -11111110?
11111101110100
In base 10, what is 153 - -848?
1001
In base 4, what is -3313100 + -11?
-3313111
In base 8, what is -3 - -240225?
240222
In base 5, what is -4143341 + 23?
-4143313
In base 9, what is 172807 + 13?
172821
In base 15, what is 1 - 16aed7?
-16aed6
In base 15, what is -18 - 11ea?
-1213
In base 5, what is 32033 - 2?
32031
In base 6, what is -252 - 12545?
-13241
In base 6, what is -44 - 1230?
-1314
In base 2, what is -11 + -111101000101?
-111101001000
In base 3, what is -20 - 10210122?
-10210212
In base 15, what is 4 + -4736?
-4732
In base 3, what is 200112 + -1212?
121200
In base 7, what is 10 - -1112013?
1112023
In base 3, what is -10120 + -110002211?
-110020101
In base 16, what is 159 - 27c?
-123
In base 6, what is -12 + -11240451?
-11240503
In base 4, what is -1 - -300311333?
300311332
In base 8, what is 4 - -162220?
162224
In base 8, what is 124746 + -246?
124500
In base 8, what is 3 + -170315?
-170312
In base 11, what is -1a1156 - -3?
-1a1153
In base 10, what is -5 - 8622?
-8627
In base 4, what is 10 - -1122023?
1122033
In base 2, what is -100 - -111111000111011?
111111000110111
In base 3, what is 100 + 11101002?
11101102
In base 4, what is -233313020 + -212?
-233313232
In base 7, what is 4 + -61315?
-61311
In base 11, what is -1009 - 1a3?
-1201
In base 16, what is -19b - 172?
-30d
In base 16, what is dc - 90?
4c
In base 3, what is -2000 - 201002?
-210002
In base 13, what is -4274c - 6?
-42755
In base 12, what is -1 - a746?
-a747
In base 3, what is -221212001 + -11212?
-222000220
In base 16, what is 68 + -4a?
1e
In base 8, what is -24522 - -5?
-24515
In base 11, what is -790a + -3?
-7912
In base 13, what is -1 - 557b?
-557c
In base 12, what is 61974 + 4?
61978
In base 12, what is 4 - -106a30?
106a34
In base 12, what is 5 + 7578?
7581
In base 8, what is 2 + -34551?
-34547
In base 15, what is 531c6 - -1?
531c7
In base 3, what is 110 - 1110000121?
-1110000011
In base 7, what is 43 + -6421?
-6345
In base 3, what is -1100211 - 210?
-1101121
In base 4, what is 102130 - -23301?
132031
In base 3, what is 11 + -1221200110?
-1221200022
In base 4, what is 3 - 301111?
-301102
In base 12, what is -2 + 544b?
5449
In base 2, what is 111 + 10100111011100011001?
10100111011100100000
In base 7, what is 121 - 130126?
-130005
In base 2, what is -101010010 - 1101101110?
-10011000000
In base 9, what is -3 - -352382?
352378
In base 5, what is -23002220 + -3?
-23002223
In base 3, what is 120 + -21021012?
-21020122
In base 11, what is 9941 - 0?
9941
In base 8, what is 4 + -14253?
-14247
In base 13, what is b - -8ca?
908
In base 11, what is -119a - 35?
-1224
In base 5, what is -11041232 - -3?
-11041224
In base 9, what is -2 - 333686?
-333688
In base 11, what is -386 + -286?
-661
In base 9, what is 26 - -2781?
2817
In base 10, what is 6063 - 29?
6034
In base 9, what is 137 + 556?
704
In base 8, what is 32 - 1355?
-1323
In base 14, what is -da071 - 5?
-da076
In base 13, what is 21 + -7aa?
-789
In base 2, what is 100011111000000111001001 - 100?
100011111000000111000101
In base 6, what is 114101 - -2?
114103
In base 10, what is 34 + -3596?
-3562
In base 15, what is -785 + a?
-77a
In base 2, what is 100010011010101011111 - 10?
100010011010101011101
In base 15, what is -600 - 1?
-601
In base 9, what is 7 + 24158?
24166
In base 13, what is -5b + -5b1?
-63c
In base 14, what is -8 - -1972?
1968
In base 13, what is 9b3 - -a5c?
1742
In base 6, what is -25 - -10530?
10501
In base 2, what is 10001 + -1011011100?
-1011001011
In base 14, what is 8 + -24c94?
-24c8a
In base 16, what is 548 + -33?
515
In base 8, what is 4 + -34123?
-34117
In base 3, what is -12220 - 222?
-20212
In base 9, what is 5 - -4106?
4112
In base 16, what is 5c17e + e?
5c18c
In base 12, what is 82b - 86?
765
In base 16, what is -3 - fe8d?
-fe90
In base 3, what is -1 + 11020110202?
11020110201
In base 6, what is -15135 + 5?
-15130
In base 4, what is 133312122 + 21?
133312203
In base 8, what is 70623 - 10?
70613
In base 15, what is -33 + -100?
-133
In base 4, what is -1210312 - -3013?
-1201233
In base 12, what is -36 + -a19?
-a53
In base 15, what is e9a35 + 1?
e9a36
In base 14, what is 3 - -3429?
342c
In base 9, what is 1704 - 540?
1154
In base 5, what is 10 - 30332324?
-30332314
In base 14, what is -3d8 + 32?
-3a6
In base 14, what is -1c3738 + 4?
-1c3734
In base 10, what is 8 + -12560?
-12552
In base 13, what is -439c + -1?
-43a0
In base 4, what is 1120 + -12132?
-11012
In base 13, what is 54 - 802?
-77b
In base 4, what is -133 - 2232213?
-2233012
In base 10, what is -442 - 282?
-724
In base 6, what is -32 + -2431?
-2503
In base 16, what is 3c2 + -7a?
348
In base 11, what is a4 + 16396?
1648a
In base 11, what is 4 + 585393?
585397
In base 15, what is -c9a14 - 5?
-c9a19
In base 3, what is -101020012 - 2?
-101020021
In base 10, what is -36 - 81399?
-81435
In base 8, what is -71347 + -21?
-71370
In base 5, what is 32323 + 444?
33322
In base 6, what is 50551 - 350?
50201
In base 10, what is 65 + -2331?
-2266
In base 7, what is 103240 - -20?
103260
In base 4, what is 21 - -130002313?
130003000
In base 8, what is -10 - -5726?
5716
In base 4, what is 10 + -1002112332?
-1002112322
In base 8, what is -1027573 - -6?
-1027565
In base 6, what is -51 + 2052?
2001
In base 11, what is -10 + 2659?
2649
In base 13, what is -17 - 28569?
-28583
In base 9, what is 11 + 44508?
44520
In base 5, what is -1312124 + 3?
-1312121
In base 13, what is -4a - 931?
-97b
In base 6, what is -5 - -104412?
104403
In base 3, what is -1212 - 212110?
-221022
In base 8, what is 302201 - -1?
302202
In base 7, what is 3 + 2234324?
2234330
In base 9, what is 70152 + 2?
70154
In base 16, what is -3fc1 + 3c?
-3f85
In base 11, what is -a21 + -2a?
-a50
In base 8, what is 3573 - -5?
3600
In base 9, what is -24 - -4018?
3884
In base 16, what is 7f9c9 + -1?
7f9c8
In base 9, what is -34475 - 5?
-34481
In base 9, what is 16456 + 1?
16457
In base 14, what is 3 + c9ab?
c9b0
In base 14, what is -1a688 + 2?
-1a686
In base 13, what is 30c642 - -2?
30c644
In base 14, what is -3c8 - 54?
-43c
In base 13, what is -1155c0 - 7?
-1155c7
In base 7, what is -5 + 61431?
61423
In base 8, what is -1 + -2302030?
-2302031
In base 16, what is -f + 498d?
497e
In base 4, what is 2 + -3220031330?
-3220031322
In base 2, what is 110 - -1100100000110001110?
1100100000110010100
In base 4, what is 2 + 312222011?
312222013
In base 8, what is 652656 + 0?
652656
In base 5, what is 3211 - -3100?
11311
In base 9, what is -134 + -1337?
-1472
In base 15, what is c4 + -11c?
-48
In base 6, what is -1 - -13243300?
13243255
In base 11, what is -3 + 16a639?
16a636
In base 12, what is -12aa - 6?
-12b4
In base 8, what is 1 + 277605?
277606
In base 16, what is 5 + -14a2d?
-14a28
In base 10, what is 3230 - 90?
3140
In base 10, what is -246 + 354?
108
In base 3, what is -1101 + 1021200112?
1021122011
In base 11, what is -8 + 1829a4?
182997
In base 16, what is 1710f - 1?
1710e
In base 15, what is 1527 + a3?
15ca
In base 4, what is -1031022 + -22?
-1031110
In base 2, what is -10011100111 + 1?
-10011100110
In base 8, what is 12 - -34?
46
In base 2, what is -10 + -111001001101000101?
-111001001101000111
In base 4, what is 1232133130 + 3?
1232133133
In base 12, what is 12bb8 + 23?
1301b
In ba